{"id":10010,"date":"2024-05-18T02:46:08","date_gmt":"2024-05-18T02:46:08","guid":{"rendered":"https:\/\/mueblespec.com\/?post_type=product&#038;p=10010"},"modified":"2024-05-18T02:51:32","modified_gmt":"2024-05-18T02:51:32","slug":"banca-modelo-ohr-2800-3pcr","status":"publish","type":"product","link":"https:\/\/old.mueblespec.com\/index.php\/producto\/banca-modelo-ohr-2800-3pcr\/","title":{"rendered":"BANCA MODELO OHR-2800-3PCR"},"content":{"rendered":"","protected":false},"excerpt":{"rendered":"<p><strong>DESCRIPCI\u00d3N<\/strong><\/p>\n<p><strong>Estructura:<\/strong>\u00a0de acero tubular rectangular de 1 1\/2&#8243; X 3 1\/2&#8243;, calibre 14, con acabado de pintura ep\u00f3xica (electrost\u00e1tica) color negro mate. Patas y base de las patas de l\u00e1mina de acero troquelada, calibre 16; contiene niveladores. Terminado en cromo.<br \/>\n<strong>Asiento y respaldo:<\/strong>\u00a0de l\u00e1mina de acero troquelada perforada, calibre 16; con acabado de pintura ep\u00f3xica (electrost\u00e1tica) color plata. Ensamblado en bastidor de acero tubular rectangular.<br \/>\n<strong>Peso m\u00e1ximo de resistencia:<\/strong>\u00a01,000 kgs.<\/p>\n","protected":false},"featured_media":10013,"comment_status":"open","ping_status":"closed","template":"","meta":[],"product_cat":[76],"product_tag":[],"class_list":{"0":"post-10010","1":"product","2":"type-product","3":"status-publish","4":"has-post-thumbnail","6":"product_cat-sillas_de_visita","8":"first","9":"instock","10":"shipping-taxable","11":"product-type-simple"},"_links":{"self":[{"href":"https:\/\/old.mueblespec.com\/index.php\/wp-json\/wp\/v2\/product\/10010","targetHints":{"allow":["GET"]}}],"collection":[{"href":"https:\/\/old.mueblespec.com\/index.php\/wp-json\/wp\/v2\/product"}],"about":[{"href":"https:\/\/old.mueblespec.com\/index.php\/wp-json\/wp\/v2\/types\/product"}],"replies":[{"embeddable":true,"href":"https:\/\/old.mueblespec.com\/index.php\/wp-json\/wp\/v2\/comments?post=10010"}],"wp:featuredmedia":[{"embeddable":true,"href":"https:\/\/old.mueblespec.com\/index.php\/wp-json\/wp\/v2\/media\/10013"}],"wp:attachment":[{"href":"https:\/\/old.mueblespec.com\/index.php\/wp-json\/wp\/v2\/media?parent=10010"}],"wp:term":[{"taxonomy":"product_cat","embeddable":true,"href":"https:\/\/old.mueblespec.com\/index.php\/wp-json\/wp\/v2\/product_cat?post=10010"},{"taxonomy":"product_tag","embeddable":true,"href":"https:\/\/old.mueblespec.com\/index.php\/wp-json\/wp\/v2\/product_tag?post=10010"}],"curies":[{"name":"wp","href":"https:\/\/api.w.org\/{rel}","templated":true}]}}