{"id":9589,"date":"2024-04-13T02:43:23","date_gmt":"2024-04-13T02:43:23","guid":{"rendered":"https:\/\/mueblespec.com\/?post_type=product&#038;p=9589"},"modified":"2024-04-13T02:46:04","modified_gmt":"2024-04-13T02:46:04","slug":"sillon-ejecutivo-ohe-295negro","status":"publish","type":"product","link":"https:\/\/old.mueblespec.com\/index.php\/producto\/sillon-ejecutivo-ohe-295negro\/","title":{"rendered":"SILLON EJECUTIVO OHE-295NEGRO"},"content":{"rendered":"","protected":false},"excerpt":{"rendered":"<p><strong>DESCRIPCI\u00d3N<\/strong><\/p>\n<p><strong>Base:<\/strong> estrella de 5 puntas en poliamida con cubierta de l\u00e1mina de acero terminada en cromo y con rodajas tipo dual.<\/p>\n<p><strong>Elevaci\u00f3n:<\/strong> por medio de pist\u00f3n neum\u00e1tico que permite ajustar la altura del asiento.<\/p>\n<p><strong>Mecanismo<\/strong>: plato de acero reforzado con sistema de reclinaci\u00f3n y palanca de bloqueo, perilla de regulaci\u00f3n de tensi\u00f3n para el sistema de reclinaci\u00f3n.<\/p>\n<p><strong>Brazos:<\/strong> de polipropileno semi-r\u00edgido color negro.<\/p>\n<p><strong>Asiento y respaldo:<\/strong> de respaldo alto con bastidor redondo tubular de 1&#8243; de di\u00e1metro, calibre 16.<\/p>\n<p><strong>Tapiz:<\/strong> en malla de color negro.<\/p>\n<p><strong>Peso m\u00e1ximo de resistencia:<\/strong> 120 kgs.<\/p>\n","protected":false},"featured_media":9591,"comment_status":"open","ping_status":"closed","template":"","meta":[],"product_cat":[73],"product_tag":[],"class_list":{"0":"post-9589","1":"product","2":"type-product","3":"status-publish","4":"has-post-thumbnail","6":"product_cat-sillas_ejecutivas","8":"first","9":"instock","10":"shipping-taxable","11":"product-type-simple"},"_links":{"self":[{"href":"https:\/\/old.mueblespec.com\/index.php\/wp-json\/wp\/v2\/product\/9589","targetHints":{"allow":["GET"]}}],"collection":[{"href":"https:\/\/old.mueblespec.com\/index.php\/wp-json\/wp\/v2\/product"}],"about":[{"href":"https:\/\/old.mueblespec.com\/index.php\/wp-json\/wp\/v2\/types\/product"}],"replies":[{"embeddable":true,"href":"https:\/\/old.mueblespec.com\/index.php\/wp-json\/wp\/v2\/comments?post=9589"}],"wp:featuredmedia":[{"embeddable":true,"href":"https:\/\/old.mueblespec.com\/index.php\/wp-json\/wp\/v2\/media\/9591"}],"wp:attachment":[{"href":"https:\/\/old.mueblespec.com\/index.php\/wp-json\/wp\/v2\/media?parent=9589"}],"wp:term":[{"taxonomy":"product_cat","embeddable":true,"href":"https:\/\/old.mueblespec.com\/index.php\/wp-json\/wp\/v2\/product_cat?post=9589"},{"taxonomy":"product_tag","embeddable":true,"href":"https:\/\/old.mueblespec.com\/index.php\/wp-json\/wp\/v2\/product_tag?post=9589"}],"curies":[{"name":"wp","href":"https:\/\/api.w.org\/{rel}","templated":true}]}}