{"id":9628,"date":"2024-04-17T23:22:09","date_gmt":"2024-04-17T23:22:09","guid":{"rendered":"https:\/\/mueblespec.com\/?post_type=product&#038;p=9628"},"modified":"2024-04-17T23:22:11","modified_gmt":"2024-04-17T23:22:11","slug":"sillon-ejecutivo-ohe-705gris","status":"publish","type":"product","link":"https:\/\/old.mueblespec.com\/index.php\/producto\/sillon-ejecutivo-ohe-705gris\/","title":{"rendered":"SILLON EJECUTIVO OHE-705GRIS"},"content":{"rendered":"","protected":false},"excerpt":{"rendered":"<p><strong>DESCRIPCI\u00d3N<\/strong><\/p>\n<p><strong>Base:<\/strong>\u00a0estrella de 5 puntas en acero cromado, rodajas tipo dual.<br \/>\n<strong>Elevaci\u00f3n:<\/strong>\u00a0por medio de pist\u00f3n neum\u00e1tico que permite ajustar la altura del asiento.<br \/>\n<strong>Mecanismo:<\/strong>\u00a0plato de acero reforzado con sistema de reclinaci\u00f3n y palanca de bloqueo, perilla de regulaci\u00f3n de tensi\u00f3n para el sistema de reclinaci\u00f3n.<br \/>\n<strong>Brazos:<\/strong>\u00a0tipo 2D de polipropileno semi-r\u00edgido con pad de poliuretano negro; de 10 posiciones.<br \/>\n<strong>Respaldo:<\/strong>\u00a0en malla de dise\u00f1o ergon\u00f3mico con soporte lumbar y cabecera.<br \/>\n<strong>Asiento:<\/strong>\u00a0hule espuma laminado flexible con densidad de 40 kgs\/m3 y alta resistencia.<br \/>\n<strong>Tapiz:<\/strong>\u00a0respaldo de malla de color gris y asiento en tela color gris.<br \/>\n<strong>Peso m\u00e1ximo de resistencia:<\/strong>\u00a0150 kgs.<\/p>\n","protected":false},"featured_media":9629,"comment_status":"open","ping_status":"closed","template":"","meta":[],"product_cat":[73],"product_tag":[],"class_list":{"0":"post-9628","1":"product","2":"type-product","3":"status-publish","4":"has-post-thumbnail","6":"product_cat-sillas_ejecutivas","8":"first","9":"instock","10":"shipping-taxable","11":"product-type-simple"},"_links":{"self":[{"href":"https:\/\/old.mueblespec.com\/index.php\/wp-json\/wp\/v2\/product\/9628","targetHints":{"allow":["GET"]}}],"collection":[{"href":"https:\/\/old.mueblespec.com\/index.php\/wp-json\/wp\/v2\/product"}],"about":[{"href":"https:\/\/old.mueblespec.com\/index.php\/wp-json\/wp\/v2\/types\/product"}],"replies":[{"embeddable":true,"href":"https:\/\/old.mueblespec.com\/index.php\/wp-json\/wp\/v2\/comments?post=9628"}],"wp:featuredmedia":[{"embeddable":true,"href":"https:\/\/old.mueblespec.com\/index.php\/wp-json\/wp\/v2\/media\/9629"}],"wp:attachment":[{"href":"https:\/\/old.mueblespec.com\/index.php\/wp-json\/wp\/v2\/media?parent=9628"}],"wp:term":[{"taxonomy":"product_cat","embeddable":true,"href":"https:\/\/old.mueblespec.com\/index.php\/wp-json\/wp\/v2\/product_cat?post=9628"},{"taxonomy":"product_tag","embeddable":true,"href":"https:\/\/old.mueblespec.com\/index.php\/wp-json\/wp\/v2\/product_tag?post=9628"}],"curies":[{"name":"wp","href":"https:\/\/api.w.org\/{rel}","templated":true}]}}