{"id":9698,"date":"2024-04-20T04:02:09","date_gmt":"2024-04-20T04:02:09","guid":{"rendered":"https:\/\/mueblespec.com\/?post_type=product&#038;p=9698"},"modified":"2024-05-10T00:03:52","modified_gmt":"2024-05-10T00:03:52","slug":"sillon-ejecutivo-m-50","status":"publish","type":"product","link":"https:\/\/old.mueblespec.com\/index.php\/producto\/sillon-ejecutivo-m-50\/","title":{"rendered":"SILLON EJECUTIVO M-50"},"content":{"rendered":"","protected":false},"excerpt":{"rendered":"<p>DESCRIPCI\u00d3N<\/p>\n<p>Asiento con hule espuma de 5 cm tapizado en una variedad de colores (consultar catalogo) y respaldo en pl\u00e1stico r\u00edgido tapizados en malla variedad de colores (consultar catalogo), pist\u00f3n secretarial, con cubierta telesc\u00f3pica, base en nylon 24\u201d de 5 puntas, mecanismo secretarial, ajuste de altura, con cubre solera en pl\u00e1stico para respaldo, brazos en polipropileno r\u00edgido.<\/p>\n","protected":false},"featured_media":9699,"comment_status":"open","ping_status":"closed","template":"","meta":[],"product_cat":[74],"product_tag":[],"class_list":{"0":"post-9698","1":"product","2":"type-product","3":"status-publish","4":"has-post-thumbnail","6":"product_cat-sillas_operativas","8":"first","9":"instock","10":"shipping-taxable","11":"product-type-simple"},"_links":{"self":[{"href":"https:\/\/old.mueblespec.com\/index.php\/wp-json\/wp\/v2\/product\/9698","targetHints":{"allow":["GET"]}}],"collection":[{"href":"https:\/\/old.mueblespec.com\/index.php\/wp-json\/wp\/v2\/product"}],"about":[{"href":"https:\/\/old.mueblespec.com\/index.php\/wp-json\/wp\/v2\/types\/product"}],"replies":[{"embeddable":true,"href":"https:\/\/old.mueblespec.com\/index.php\/wp-json\/wp\/v2\/comments?post=9698"}],"wp:featuredmedia":[{"embeddable":true,"href":"https:\/\/old.mueblespec.com\/index.php\/wp-json\/wp\/v2\/media\/9699"}],"wp:attachment":[{"href":"https:\/\/old.mueblespec.com\/index.php\/wp-json\/wp\/v2\/media?parent=9698"}],"wp:term":[{"taxonomy":"product_cat","embeddable":true,"href":"https:\/\/old.mueblespec.com\/index.php\/wp-json\/wp\/v2\/product_cat?post=9698"},{"taxonomy":"product_tag","embeddable":true,"href":"https:\/\/old.mueblespec.com\/index.php\/wp-json\/wp\/v2\/product_tag?post=9698"}],"curies":[{"name":"wp","href":"https:\/\/api.w.org\/{rel}","templated":true}]}}