{"id":9748,"date":"2024-04-24T16:56:32","date_gmt":"2024-04-24T16:56:32","guid":{"rendered":"https:\/\/mueblespec.com\/?post_type=product&#038;p=9748"},"modified":"2024-04-24T16:56:33","modified_gmt":"2024-04-24T16:56:33","slug":"silla-ejecutiva-m-100","status":"publish","type":"product","link":"https:\/\/old.mueblespec.com\/index.php\/producto\/silla-ejecutiva-m-100\/","title":{"rendered":"SILLA EJECUTIVA M-100"},"content":{"rendered":"","protected":false},"excerpt":{"rendered":"<p><strong>DESCRIPCI\u00d3N<\/strong><\/p>\n<p>Respaldo de estructura pl\u00e1stica tapizada en malla en variedad de colores (Consultar cat\u00e1logo de tapices de malla), asiento de aglomerado de 32 mm, tapizado en variedad de colores (consultar catalogo tapices) hule espuma en asiento 6 cm de espesor de 24 Kgs\/m\u00b3, pist\u00f3n secretarial, con cubierta telesc\u00f3pica, base en nylon de 24\u2033 de 5 puntas, mecanismo secretarial fabricado en l\u00e1mina de calibre 14 color negro pintura ep\u00f3xica con ajuste neum\u00e1tico de altura.<\/p>\n","protected":false},"featured_media":9749,"comment_status":"open","ping_status":"closed","template":"","meta":[],"product_cat":[72,74],"product_tag":[],"class_list":{"0":"post-9748","1":"product","2":"type-product","3":"status-publish","4":"has-post-thumbnail","6":"product_cat-silla","7":"product_cat-sillas_operativas","9":"first","10":"instock","11":"shipping-taxable","12":"product-type-simple"},"_links":{"self":[{"href":"https:\/\/old.mueblespec.com\/index.php\/wp-json\/wp\/v2\/product\/9748","targetHints":{"allow":["GET"]}}],"collection":[{"href":"https:\/\/old.mueblespec.com\/index.php\/wp-json\/wp\/v2\/product"}],"about":[{"href":"https:\/\/old.mueblespec.com\/index.php\/wp-json\/wp\/v2\/types\/product"}],"replies":[{"embeddable":true,"href":"https:\/\/old.mueblespec.com\/index.php\/wp-json\/wp\/v2\/comments?post=9748"}],"wp:featuredmedia":[{"embeddable":true,"href":"https:\/\/old.mueblespec.com\/index.php\/wp-json\/wp\/v2\/media\/9749"}],"wp:attachment":[{"href":"https:\/\/old.mueblespec.com\/index.php\/wp-json\/wp\/v2\/media?parent=9748"}],"wp:term":[{"taxonomy":"product_cat","embeddable":true,"href":"https:\/\/old.mueblespec.com\/index.php\/wp-json\/wp\/v2\/product_cat?post=9748"},{"taxonomy":"product_tag","embeddable":true,"href":"https:\/\/old.mueblespec.com\/index.php\/wp-json\/wp\/v2\/product_tag?post=9748"}],"curies":[{"name":"wp","href":"https:\/\/api.w.org\/{rel}","templated":true}]}}