{"id":9798,"date":"2024-04-27T04:20:51","date_gmt":"2024-04-27T04:20:51","guid":{"rendered":"https:\/\/mueblespec.com\/?post_type=product&#038;p=9798"},"modified":"2024-04-27T04:20:51","modified_gmt":"2024-04-27T04:20:51","slug":"silla-de-visita-m-160","status":"publish","type":"product","link":"https:\/\/old.mueblespec.com\/index.php\/producto\/silla-de-visita-m-160\/","title":{"rendered":"SILLA DE VISITA M-160"},"content":{"rendered":"","protected":false},"excerpt":{"rendered":"<p><strong>DESCRIPCI\u00d3N<\/strong><\/p>\n<p>Estructura en una sola pieza, en tubular ovalado en cal. 16, terminado en pintura ep\u00f3xica texturizada color negro o cromado, asiento en aglomerado de 16 mm, tapizado en variedad de colores (consultar cat\u00e1logo tapices), respaldo tapizado en malla (consultar catalogo tapices), acojinamiento en asiento de poliuretano inyectado d.53 kgs\/m\u00b3, base met\u00e1lica de tubo redondo tipo trineo de 1\u00bc\u201d cal. 18, cromada o pintura color negro, brazos met\u00e1licos en tubular ovalado cal. 18, terminado en cromo \u00f3 en pintura ep\u00f3xica texturizada.<\/p>\n","protected":false},"featured_media":9799,"comment_status":"open","ping_status":"closed","template":"","meta":[],"product_cat":[72,76],"product_tag":[],"class_list":{"0":"post-9798","1":"product","2":"type-product","3":"status-publish","4":"has-post-thumbnail","6":"product_cat-silla","7":"product_cat-sillas_de_visita","9":"first","10":"instock","11":"shipping-taxable","12":"product-type-simple"},"_links":{"self":[{"href":"https:\/\/old.mueblespec.com\/index.php\/wp-json\/wp\/v2\/product\/9798","targetHints":{"allow":["GET"]}}],"collection":[{"href":"https:\/\/old.mueblespec.com\/index.php\/wp-json\/wp\/v2\/product"}],"about":[{"href":"https:\/\/old.mueblespec.com\/index.php\/wp-json\/wp\/v2\/types\/product"}],"replies":[{"embeddable":true,"href":"https:\/\/old.mueblespec.com\/index.php\/wp-json\/wp\/v2\/comments?post=9798"}],"wp:featuredmedia":[{"embeddable":true,"href":"https:\/\/old.mueblespec.com\/index.php\/wp-json\/wp\/v2\/media\/9799"}],"wp:attachment":[{"href":"https:\/\/old.mueblespec.com\/index.php\/wp-json\/wp\/v2\/media?parent=9798"}],"wp:term":[{"taxonomy":"product_cat","embeddable":true,"href":"https:\/\/old.mueblespec.com\/index.php\/wp-json\/wp\/v2\/product_cat?post=9798"},{"taxonomy":"product_tag","embeddable":true,"href":"https:\/\/old.mueblespec.com\/index.php\/wp-json\/wp\/v2\/product_tag?post=9798"}],"curies":[{"name":"wp","href":"https:\/\/api.w.org\/{rel}","templated":true}]}}